{"id":9,"date":"2022-02-02T10:27:06","date_gmt":"2022-02-02T10:27:06","guid":{"rendered":"https:\/\/entwurf.xn--lhrli-forst-rfb.ch\/?page_id=9"},"modified":"2022-03-18T13:44:00","modified_gmt":"2022-03-18T13:44:00","slug":"loehrli-forst","status":"publish","type":"page","link":"https:\/\/xn--lhrli-forst-rfb.ch\/","title":{"rendered":"L\u00d6HRLI FORST"},"content":{"rendered":"\n<h2 class=\"wp-block-heading\" id=\"dienstleistungen\">Dienstleistungen<\/h2>\n\n\n\n<p><strong>Unser Familienbetrieb ist f\u00fcr Sie da. Zeitnah, kompetent, fair. Vom Privatwaldbesitzer bis zum Forstbetrieb bieten wir:<\/strong><\/p>\n\n\n\n<div class=\"wp-block-columns is-layout-flex wp-container-core-columns-is-layout-9d6595d7 wp-block-columns-is-layout-flex\">\n<div class=\"wp-block-column is-layout-flow wp-block-column-is-layout-flow\">\n<ul class=\"wp-block-list\"><li>Gartenholzerei<\/li><li>Handholzerei<\/li><li>Bauplatzholzerei<\/li><li>Pflege und Durchforstung von Wald und Grundst\u00fccken<\/li><li>Holzschl\u00e4ge mit Vollernter und Forwarder<\/li><li>Arbeiten mit Forsttraktor und Winde<\/li><\/ul>\n<\/div>\n\n\n\n<div class=\"wp-block-column is-layout-flow wp-block-column-is-layout-flow\">\n<div class=\"wp-block-image is-style-default\"><figure class=\"aligncenter size-full\"><img loading=\"lazy\" decoding=\"async\" width=\"640\" height=\"480\" src=\"https:\/\/xn--lhrli-forst-rfb.ch\/wp-content\/uploads\/2022\/02\/410af17a-3bae-4d6e-b42d-f39f1e80c47b_Moment.jpg\" alt=\"\" class=\"wp-image-29\" srcset=\"https:\/\/xn--lhrli-forst-rfb.ch\/wp-content\/uploads\/2022\/02\/410af17a-3bae-4d6e-b42d-f39f1e80c47b_Moment.jpg 640w, https:\/\/xn--lhrli-forst-rfb.ch\/wp-content\/uploads\/2022\/02\/410af17a-3bae-4d6e-b42d-f39f1e80c47b_Moment-300x225.jpg 300w, https:\/\/xn--lhrli-forst-rfb.ch\/wp-content\/uploads\/2022\/02\/410af17a-3bae-4d6e-b42d-f39f1e80c47b_Moment-570x428.jpg 570w\" sizes=\"auto, (max-width: 640px) 100vw, 640px\" \/><\/figure><\/div>\n<\/div>\n<\/div>\n\n\n\n<div class=\"wp-block-columns is-layout-flex wp-container-core-columns-is-layout-9d6595d7 wp-block-columns-is-layout-flex\">\n<div class=\"wp-block-column is-layout-flow wp-block-column-is-layout-flow\"><\/div>\n\n\n\n<div class=\"wp-block-column is-layout-flow wp-block-column-is-layout-flow\">\n<div class=\"wp-block-image\"><figure class=\"aligncenter size-large is-resized\"><img loading=\"lazy\" decoding=\"async\" src=\"https:\/\/xn--lhrli-forst-rfb.ch\/wp-content\/uploads\/2022\/02\/Baender-1024x768.jpg\" alt=\"\" class=\"wp-image-61\" width=\"471\" height=\"353\" srcset=\"https:\/\/xn--lhrli-forst-rfb.ch\/wp-content\/uploads\/2022\/02\/Baender-1024x768.jpg 1024w, https:\/\/xn--lhrli-forst-rfb.ch\/wp-content\/uploads\/2022\/02\/Baender-300x225.jpg 300w, https:\/\/xn--lhrli-forst-rfb.ch\/wp-content\/uploads\/2022\/02\/Baender-768x576.jpg 768w, https:\/\/xn--lhrli-forst-rfb.ch\/wp-content\/uploads\/2022\/02\/Baender-1536x1152.jpg 1536w, https:\/\/xn--lhrli-forst-rfb.ch\/wp-content\/uploads\/2022\/02\/Baender-570x428.jpg 570w, https:\/\/xn--lhrli-forst-rfb.ch\/wp-content\/uploads\/2022\/02\/Baender.jpg 2048w\" sizes=\"auto, (max-width: 471px) 100vw, 471px\" \/><\/figure><\/div>\n<\/div>\n<\/div>\n\n\n\n<div class=\"wp-block-columns is-layout-flex wp-container-core-columns-is-layout-9d6595d7 wp-block-columns-is-layout-flex\">\n<div class=\"wp-block-column is-layout-flow wp-block-column-is-layout-flow\">\n<ul class=\"wp-block-list\"><li><strong>Vollernter<\/strong><br>Bodenschonend und effizient dank Raupenb\u00e4ndern<\/li><\/ul>\n<\/div>\n\n\n\n<div class=\"wp-block-column is-layout-flow wp-block-column-is-layout-flow\">\n<figure class=\"wp-block-image size-large\"><img loading=\"lazy\" decoding=\"async\" width=\"1024\" height=\"768\" src=\"https:\/\/xn--lhrli-forst-rfb.ch\/wp-content\/uploads\/2022\/02\/IMG_1517-1024x768.jpg\" alt=\"\" class=\"wp-image-24\" srcset=\"https:\/\/xn--lhrli-forst-rfb.ch\/wp-content\/uploads\/2022\/02\/IMG_1517-1024x768.jpg 1024w, https:\/\/xn--lhrli-forst-rfb.ch\/wp-content\/uploads\/2022\/02\/IMG_1517-300x225.jpg 300w, https:\/\/xn--lhrli-forst-rfb.ch\/wp-content\/uploads\/2022\/02\/IMG_1517-768x576.jpg 768w, https:\/\/xn--lhrli-forst-rfb.ch\/wp-content\/uploads\/2022\/02\/IMG_1517-1536x1152.jpg 1536w, https:\/\/xn--lhrli-forst-rfb.ch\/wp-content\/uploads\/2022\/02\/IMG_1517-2048x1536.jpg 2048w, https:\/\/xn--lhrli-forst-rfb.ch\/wp-content\/uploads\/2022\/02\/IMG_1517-570x428.jpg 570w\" sizes=\"auto, (max-width: 1024px) 100vw, 1024px\" \/><\/figure>\n<\/div>\n<\/div>\n\n\n\n<div class=\"wp-block-columns is-layout-flex wp-container-core-columns-is-layout-9d6595d7 wp-block-columns-is-layout-flex\">\n<div class=\"wp-block-column is-layout-flow wp-block-column-is-layout-flow\">\n<ul class=\"wp-block-list\"><li><strong>R\u00fcckemaschine (Forwarder)<\/strong><br>Transport der gef\u00e4llten B\u00e4ume zum geeigneten Lagerort \/ Umschlagplatz. Bodenschonend dank Raupenb\u00e4ndern<\/li><\/ul>\n<\/div>\n\n\n\n<div class=\"wp-block-column is-layout-flow wp-block-column-is-layout-flow\">\n<figure class=\"wp-block-image size-large\"><img loading=\"lazy\" decoding=\"async\" width=\"1024\" height=\"689\" src=\"https:\/\/xn--lhrli-forst-rfb.ch\/wp-content\/uploads\/2022\/02\/IMG_5068-scaled-e1645005668131-1024x689.jpg\" alt=\"\" class=\"wp-image-26\" srcset=\"https:\/\/xn--lhrli-forst-rfb.ch\/wp-content\/uploads\/2022\/02\/IMG_5068-scaled-e1645005668131-1024x689.jpg 1024w, https:\/\/xn--lhrli-forst-rfb.ch\/wp-content\/uploads\/2022\/02\/IMG_5068-scaled-e1645005668131-300x202.jpg 300w, https:\/\/xn--lhrli-forst-rfb.ch\/wp-content\/uploads\/2022\/02\/IMG_5068-scaled-e1645005668131-768x517.jpg 768w, https:\/\/xn--lhrli-forst-rfb.ch\/wp-content\/uploads\/2022\/02\/IMG_5068-scaled-e1645005668131-1536x1034.jpg 1536w, https:\/\/xn--lhrli-forst-rfb.ch\/wp-content\/uploads\/2022\/02\/IMG_5068-scaled-e1645005668131-570x384.jpg 570w, https:\/\/xn--lhrli-forst-rfb.ch\/wp-content\/uploads\/2022\/02\/IMG_5068-scaled-e1645005668131.jpg 1920w\" sizes=\"auto, (max-width: 1024px) 100vw, 1024px\" \/><\/figure>\n<\/div>\n<\/div>\n\n\n\n<div class=\"wp-block-columns is-layout-flex wp-container-core-columns-is-layout-9d6595d7 wp-block-columns-is-layout-flex\">\n<div class=\"wp-block-column is-layout-flow wp-block-column-is-layout-flow\">\n<ul class=\"wp-block-list\"><li><strong>Forsttraktor ICB mit Winde<\/strong><br>Einsatz in unwegsamem Gel\u00e4nde<\/li><\/ul>\n<\/div>\n\n\n\n<div class=\"wp-block-column is-layout-flow wp-block-column-is-layout-flow\">\n<figure class=\"wp-block-image size-large\"><img loading=\"lazy\" decoding=\"async\" width=\"1024\" height=\"768\" src=\"https:\/\/xn--lhrli-forst-rfb.ch\/wp-content\/uploads\/2022\/02\/IMG_3458-1024x768.jpg\" alt=\"\" class=\"wp-image-25\" srcset=\"https:\/\/xn--lhrli-forst-rfb.ch\/wp-content\/uploads\/2022\/02\/IMG_3458-1024x768.jpg 1024w, https:\/\/xn--lhrli-forst-rfb.ch\/wp-content\/uploads\/2022\/02\/IMG_3458-300x225.jpg 300w, https:\/\/xn--lhrli-forst-rfb.ch\/wp-content\/uploads\/2022\/02\/IMG_3458-768x576.jpg 768w, https:\/\/xn--lhrli-forst-rfb.ch\/wp-content\/uploads\/2022\/02\/IMG_3458-1536x1152.jpg 1536w, https:\/\/xn--lhrli-forst-rfb.ch\/wp-content\/uploads\/2022\/02\/IMG_3458-2048x1536.jpg 2048w, https:\/\/xn--lhrli-forst-rfb.ch\/wp-content\/uploads\/2022\/02\/IMG_3458-570x428.jpg 570w\" sizes=\"auto, (max-width: 1024px) 100vw, 1024px\" \/><\/figure>\n<\/div>\n<\/div>\n\n\n\n<h2 class=\"wp-block-heading\" id=\"kontakt\">Kontakt<\/h2>\n\n\n\n<div class=\"wp-block-columns is-layout-flex wp-container-core-columns-is-layout-9d6595d7 wp-block-columns-is-layout-flex\">\n<div class=\"wp-block-column is-layout-flow wp-block-column-is-layout-flow\">\n<figure class=\"wp-block-image size-large\"><img loading=\"lazy\" decoding=\"async\" width=\"1024\" height=\"221\" src=\"https:\/\/xn--lhrli-forst-rfb.ch\/wp-content\/uploads\/2022\/02\/Loehrli_Forst_Logo_mitZusatz-1024x221.png\" alt=\"\" class=\"wp-image-30\" srcset=\"https:\/\/xn--lhrli-forst-rfb.ch\/wp-content\/uploads\/2022\/02\/Loehrli_Forst_Logo_mitZusatz-1024x221.png 1024w, https:\/\/xn--lhrli-forst-rfb.ch\/wp-content\/uploads\/2022\/02\/Loehrli_Forst_Logo_mitZusatz-300x65.png 300w, https:\/\/xn--lhrli-forst-rfb.ch\/wp-content\/uploads\/2022\/02\/Loehrli_Forst_Logo_mitZusatz-768x166.png 768w, https:\/\/xn--lhrli-forst-rfb.ch\/wp-content\/uploads\/2022\/02\/Loehrli_Forst_Logo_mitZusatz-1536x331.png 1536w, https:\/\/xn--lhrli-forst-rfb.ch\/wp-content\/uploads\/2022\/02\/Loehrli_Forst_Logo_mitZusatz-2048x441.png 2048w, https:\/\/xn--lhrli-forst-rfb.ch\/wp-content\/uploads\/2022\/02\/Loehrli_Forst_Logo_mitZusatz-570x123.png 570w\" sizes=\"auto, (max-width: 1024px) 100vw, 1024px\" \/><\/figure>\n\n\n\n<figure class=\"wp-block-table <table class=&quot;noborder&quot;&gt;\"><table><tbody><tr><td class=\"has-text-align-left\" data-align=\"left\"><strong>Hannes L\u00f6hrli<\/strong><br>079 216 69 12<\/td><td class=\"has-text-align-left\" data-align=\"left\"><strong>Tobi L\u00f6hrli<\/strong><br>078 835 21 57<\/td><\/tr><tr><td class=\"has-text-align-left\" data-align=\"left\">L\u00d6HRLI FORST GmbH&nbsp;&nbsp;&nbsp;&nbsp;&nbsp;<br>Ober Gr\u00fct 1<br>8427 Freienstein<br><br><strong><a href=\"mailto:loehrli@bluewin.ch\">loehrli@bluewin.ch<\/a><\/strong><\/td><td class=\"has-text-align-left\" data-align=\"left\"><\/td><\/tr><\/tbody><\/table><\/figure>\n<\/div>\n\n\n\n<div class=\"wp-block-column is-layout-flow wp-block-column-is-layout-flow\">\n<figure class=\"wp-block-image size-large\"><img loading=\"lazy\" decoding=\"async\" width=\"1024\" height=\"768\" src=\"https:\/\/xn--lhrli-forst-rfb.ch\/wp-content\/uploads\/2022\/02\/IMG_0773-1024x768.jpg\" alt=\"\" class=\"wp-image-23\" srcset=\"https:\/\/xn--lhrli-forst-rfb.ch\/wp-content\/uploads\/2022\/02\/IMG_0773-1024x768.jpg 1024w, https:\/\/xn--lhrli-forst-rfb.ch\/wp-content\/uploads\/2022\/02\/IMG_0773-300x225.jpg 300w, https:\/\/xn--lhrli-forst-rfb.ch\/wp-content\/uploads\/2022\/02\/IMG_0773-768x576.jpg 768w, https:\/\/xn--lhrli-forst-rfb.ch\/wp-content\/uploads\/2022\/02\/IMG_0773-1536x1152.jpg 1536w, https:\/\/xn--lhrli-forst-rfb.ch\/wp-content\/uploads\/2022\/02\/IMG_0773-2048x1536.jpg 2048w, https:\/\/xn--lhrli-forst-rfb.ch\/wp-content\/uploads\/2022\/02\/IMG_0773-570x428.jpg 570w\" sizes=\"auto, (max-width: 1024px) 100vw, 1024px\" \/><\/figure>\n<\/div>\n<\/div>\n","protected":false},"excerpt":{"rendered":"<p>Dienstleistungen Unser Familienbetrieb ist f\u00fcr Sie da. Zeitnah, kompetent, fair. Vom Privatwaldbesitzer bis zum Forstbetrieb bieten wir: Gartenholzerei Handholzerei Bauplatzholzerei Pflege und Durchforstung von Wald und Grundst\u00fccken Holzschl\u00e4ge mit Vollernter und Forwarder Arbeiten mit Forsttraktor und Winde VollernterBodenschonend und effizient dank Raupenb\u00e4ndern R\u00fcckemaschine (Forwarder)Transport der gef\u00e4llten B\u00e4ume zum geeigneten Lagerort \/ Umschlagplatz. Bodenschonend dank Raupenb\u00e4ndern [&hellip;]<\/p>\n","protected":false},"author":1,"featured_media":0,"parent":0,"menu_order":0,"comment_status":"closed","ping_status":"closed","template":"","meta":{"footnotes":""},"class_list":["post-9","page","type-page","status-publish","czr-hentry"],"_links":{"self":[{"href":"https:\/\/xn--lhrli-forst-rfb.ch\/index.php\/wp-json\/wp\/v2\/pages\/9","targetHints":{"allow":["GET"]}}],"collection":[{"href":"https:\/\/xn--lhrli-forst-rfb.ch\/index.php\/wp-json\/wp\/v2\/pages"}],"about":[{"href":"https:\/\/xn--lhrli-forst-rfb.ch\/index.php\/wp-json\/wp\/v2\/types\/page"}],"author":[{"embeddable":true,"href":"https:\/\/xn--lhrli-forst-rfb.ch\/index.php\/wp-json\/wp\/v2\/users\/1"}],"replies":[{"embeddable":true,"href":"https:\/\/xn--lhrli-forst-rfb.ch\/index.php\/wp-json\/wp\/v2\/comments?post=9"}],"version-history":[{"count":21,"href":"https:\/\/xn--lhrli-forst-rfb.ch\/index.php\/wp-json\/wp\/v2\/pages\/9\/revisions"}],"predecessor-version":[{"id":85,"href":"https:\/\/xn--lhrli-forst-rfb.ch\/index.php\/wp-json\/wp\/v2\/pages\/9\/revisions\/85"}],"wp:attachment":[{"href":"https:\/\/xn--lhrli-forst-rfb.ch\/index.php\/wp-json\/wp\/v2\/media?parent=9"}],"curies":[{"name":"wp","href":"https:\/\/api.w.org\/{rel}","templated":true}]}}

LÖHRLI FORST

<h2 class="wp-block-heading" id="dienstleistungen">Dienstleistungen</h2>



<p><strong>Unser Familienbetrieb ist für Sie da. Zeitnah, kompetent, fair. Vom Privatwaldbesitzer bis zum Forstbetrieb bieten wir:</strong></p>



<div class="wp-block-columns is-layout-flex wp-container-core-columns-is-layout-9d6595d7 wp-block-columns-is-layout-flex">
<div class="wp-block-column is-layout-flow wp-block-column-is-layout-flow">
<ul class="wp-block-list"><li>Gartenholzerei</li><li>Handholzerei</li><li>Bauplatzholzerei</li><li>Pflege und Durchforstung von Wald und Grundstücken</li><li>Holzschläge mit Vollernter und Forwarder</li><li>Arbeiten mit Forsttraktor und Winde</li></ul>
</div>



<div class="wp-block-column is-layout-flow wp-block-column-is-layout-flow">
<div class="wp-block-image is-style-default"><figure class="aligncenter size-full"><img loading="lazy" decoding="async" width="640" height="480" src="https://xn--lhrli-forst-rfb.ch/wp-content/uploads/2022/02/410af17a-3bae-4d6e-b42d-f39f1e80c47b_Moment.jpg" alt="" class="wp-image-29" srcset="https://xn--lhrli-forst-rfb.ch/wp-content/uploads/2022/02/410af17a-3bae-4d6e-b42d-f39f1e80c47b_Moment.jpg 640w, https://xn--lhrli-forst-rfb.ch/wp-content/uploads/2022/02/410af17a-3bae-4d6e-b42d-f39f1e80c47b_Moment-300x225.jpg 300w, https://xn--lhrli-forst-rfb.ch/wp-content/uploads/2022/02/410af17a-3bae-4d6e-b42d-f39f1e80c47b_Moment-570x428.jpg 570w" sizes="auto, (max-width: 640px) 100vw, 640px" /></figure></div>
</div>
</div>



<div class="wp-block-columns is-layout-flex wp-container-core-columns-is-layout-9d6595d7 wp-block-columns-is-layout-flex">
<div class="wp-block-column is-layout-flow wp-block-column-is-layout-flow"></div>



<div class="wp-block-column is-layout-flow wp-block-column-is-layout-flow">
<div class="wp-block-image"><figure class="aligncenter size-large is-resized"><img loading="lazy" decoding="async" src="https://xn--lhrli-forst-rfb.ch/wp-content/uploads/2022/02/Baender-1024x768.jpg" alt="" class="wp-image-61" width="471" height="353" srcset="https://xn--lhrli-forst-rfb.ch/wp-content/uploads/2022/02/Baender-1024x768.jpg 1024w, https://xn--lhrli-forst-rfb.ch/wp-content/uploads/2022/02/Baender-300x225.jpg 300w, https://xn--lhrli-forst-rfb.ch/wp-content/uploads/2022/02/Baender-768x576.jpg 768w, https://xn--lhrli-forst-rfb.ch/wp-content/uploads/2022/02/Baender-1536x1152.jpg 1536w, https://xn--lhrli-forst-rfb.ch/wp-content/uploads/2022/02/Baender-570x428.jpg 570w, https://xn--lhrli-forst-rfb.ch/wp-content/uploads/2022/02/Baender.jpg 2048w" sizes="auto, (max-width: 471px) 100vw, 471px" /></figure></div>
</div>
</div>



<div class="wp-block-columns is-layout-flex wp-container-core-columns-is-layout-9d6595d7 wp-block-columns-is-layout-flex">
<div class="wp-block-column is-layout-flow wp-block-column-is-layout-flow">
<ul class="wp-block-list"><li><strong>Vollernter</strong><br>Bodenschonend und effizient dank Raupenbändern</li></ul>
</div>



<div class="wp-block-column is-layout-flow wp-block-column-is-layout-flow">
<figure class="wp-block-image size-large"><img loading="lazy" decoding="async" width="1024" height="768" src="https://xn--lhrli-forst-rfb.ch/wp-content/uploads/2022/02/IMG_1517-1024x768.jpg" alt="" class="wp-image-24" srcset="https://xn--lhrli-forst-rfb.ch/wp-content/uploads/2022/02/IMG_1517-1024x768.jpg 1024w, https://xn--lhrli-forst-rfb.ch/wp-content/uploads/2022/02/IMG_1517-300x225.jpg 300w, https://xn--lhrli-forst-rfb.ch/wp-content/uploads/2022/02/IMG_1517-768x576.jpg 768w, https://xn--lhrli-forst-rfb.ch/wp-content/uploads/2022/02/IMG_1517-1536x1152.jpg 1536w, https://xn--lhrli-forst-rfb.ch/wp-content/uploads/2022/02/IMG_1517-2048x1536.jpg 2048w, https://xn--lhrli-forst-rfb.ch/wp-content/uploads/2022/02/IMG_1517-570x428.jpg 570w" sizes="auto, (max-width: 1024px) 100vw, 1024px" /></figure>
</div>
</div>



<div class="wp-block-columns is-layout-flex wp-container-core-columns-is-layout-9d6595d7 wp-block-columns-is-layout-flex">
<div class="wp-block-column is-layout-flow wp-block-column-is-layout-flow">
<ul class="wp-block-list"><li><strong>Rückemaschine (Forwarder)</strong><br>Transport der gefällten Bäume zum geeigneten Lagerort / Umschlagplatz. Bodenschonend dank Raupenbändern</li></ul>
</div>



<div class="wp-block-column is-layout-flow wp-block-column-is-layout-flow">
<figure class="wp-block-image size-large"><img loading="lazy" decoding="async" width="1024" height="689" src="https://xn--lhrli-forst-rfb.ch/wp-content/uploads/2022/02/IMG_5068-scaled-e1645005668131-1024x689.jpg" alt="" class="wp-image-26" srcset="https://xn--lhrli-forst-rfb.ch/wp-content/uploads/2022/02/IMG_5068-scaled-e1645005668131-1024x689.jpg 1024w, https://xn--lhrli-forst-rfb.ch/wp-content/uploads/2022/02/IMG_5068-scaled-e1645005668131-300x202.jpg 300w, https://xn--lhrli-forst-rfb.ch/wp-content/uploads/2022/02/IMG_5068-scaled-e1645005668131-768x517.jpg 768w, https://xn--lhrli-forst-rfb.ch/wp-content/uploads/2022/02/IMG_5068-scaled-e1645005668131-1536x1034.jpg 1536w, https://xn--lhrli-forst-rfb.ch/wp-content/uploads/2022/02/IMG_5068-scaled-e1645005668131-570x384.jpg 570w, https://xn--lhrli-forst-rfb.ch/wp-content/uploads/2022/02/IMG_5068-scaled-e1645005668131.jpg 1920w" sizes="auto, (max-width: 1024px) 100vw, 1024px" /></figure>
</div>
</div>



<div class="wp-block-columns is-layout-flex wp-container-core-columns-is-layout-9d6595d7 wp-block-columns-is-layout-flex">
<div class="wp-block-column is-layout-flow wp-block-column-is-layout-flow">
<ul class="wp-block-list"><li><strong>Forsttraktor ICB mit Winde</strong><br>Einsatz in unwegsamem Gelände</li></ul>
</div>



<div class="wp-block-column is-layout-flow wp-block-column-is-layout-flow">
<figure class="wp-block-image size-large"><img loading="lazy" decoding="async" width="1024" height="768" src="https://xn--lhrli-forst-rfb.ch/wp-content/uploads/2022/02/IMG_3458-1024x768.jpg" alt="" class="wp-image-25" srcset="https://xn--lhrli-forst-rfb.ch/wp-content/uploads/2022/02/IMG_3458-1024x768.jpg 1024w, https://xn--lhrli-forst-rfb.ch/wp-content/uploads/2022/02/IMG_3458-300x225.jpg 300w, https://xn--lhrli-forst-rfb.ch/wp-content/uploads/2022/02/IMG_3458-768x576.jpg 768w, https://xn--lhrli-forst-rfb.ch/wp-content/uploads/2022/02/IMG_3458-1536x1152.jpg 1536w, https://xn--lhrli-forst-rfb.ch/wp-content/uploads/2022/02/IMG_3458-2048x1536.jpg 2048w, https://xn--lhrli-forst-rfb.ch/wp-content/uploads/2022/02/IMG_3458-570x428.jpg 570w" sizes="auto, (max-width: 1024px) 100vw, 1024px" /></figure>
</div>
</div>



<h2 class="wp-block-heading" id="kontakt">Kontakt</h2>



<div class="wp-block-columns is-layout-flex wp-container-core-columns-is-layout-9d6595d7 wp-block-columns-is-layout-flex">
<div class="wp-block-column is-layout-flow wp-block-column-is-layout-flow">
<figure class="wp-block-image size-large"><img loading="lazy" decoding="async" width="1024" height="221" src="https://xn--lhrli-forst-rfb.ch/wp-content/uploads/2022/02/Loehrli_Forst_Logo_mitZusatz-1024x221.png" alt="" class="wp-image-30" srcset="https://xn--lhrli-forst-rfb.ch/wp-content/uploads/2022/02/Loehrli_Forst_Logo_mitZusatz-1024x221.png 1024w, https://xn--lhrli-forst-rfb.ch/wp-content/uploads/2022/02/Loehrli_Forst_Logo_mitZusatz-300x65.png 300w, https://xn--lhrli-forst-rfb.ch/wp-content/uploads/2022/02/Loehrli_Forst_Logo_mitZusatz-768x166.png 768w, https://xn--lhrli-forst-rfb.ch/wp-content/uploads/2022/02/Loehrli_Forst_Logo_mitZusatz-1536x331.png 1536w, https://xn--lhrli-forst-rfb.ch/wp-content/uploads/2022/02/Loehrli_Forst_Logo_mitZusatz-2048x441.png 2048w, https://xn--lhrli-forst-rfb.ch/wp-content/uploads/2022/02/Loehrli_Forst_Logo_mitZusatz-570x123.png 570w" sizes="auto, (max-width: 1024px) 100vw, 1024px" /></figure>



<figure class="wp-block-table <table class=&quot;noborder&quot;&gt;"><table><tbody><tr><td class="has-text-align-left" data-align="left"><strong>Hannes Löhrli</strong><br>079 216 69 12</td><td class="has-text-align-left" data-align="left"><strong>Tobi Löhrli</strong><br>078 835 21 57</td></tr><tr><td class="has-text-align-left" data-align="left">LÖHRLI FORST GmbH&nbsp;&nbsp;&nbsp;&nbsp;&nbsp;<br>Ober Grüt 1<br>8427 Freienstein<br><br><strong><a href="mailto:loehrli@bluewin.ch">loehrli@bluewin.ch</a></strong></td><td class="has-text-align-left" data-align="left"></td></tr></tbody></table></figure>
</div>



<div class="wp-block-column is-layout-flow wp-block-column-is-layout-flow">
<figure class="wp-block-image size-large"><img loading="lazy" decoding="async" width="1024" height="768" src="https://xn--lhrli-forst-rfb.ch/wp-content/uploads/2022/02/IMG_0773-1024x768.jpg" alt="" class="wp-image-23" srcset="https://xn--lhrli-forst-rfb.ch/wp-content/uploads/2022/02/IMG_0773-1024x768.jpg 1024w, https://xn--lhrli-forst-rfb.ch/wp-content/uploads/2022/02/IMG_0773-300x225.jpg 300w, https://xn--lhrli-forst-rfb.ch/wp-content/uploads/2022/02/IMG_0773-768x576.jpg 768w, https://xn--lhrli-forst-rfb.ch/wp-content/uploads/2022/02/IMG_0773-1536x1152.jpg 1536w, https://xn--lhrli-forst-rfb.ch/wp-content/uploads/2022/02/IMG_0773-2048x1536.jpg 2048w, https://xn--lhrli-forst-rfb.ch/wp-content/uploads/2022/02/IMG_0773-570x428.jpg 570w" sizes="auto, (max-width: 1024px) 100vw, 1024px" /></figure>
</div>
</div>

<p>Dienstleistungen Unser Familienbetrieb ist für Sie da. Zeitnah, kompetent, fair. Vom Privatwaldbesitzer bis zum Forstbetrieb bieten wir: Gartenholzerei Handholzerei Bauplatzholzerei Pflege und Durchforstung von Wald und Grundstücken Holzschläge mit Vollernter und Forwarder Arbeiten mit Forsttraktor und Winde VollernterBodenschonend und effizient dank Raupenbändern Rückemaschine (Forwarder)Transport der gefällten Bäume zum geeigneten Lagerort / Umschlagplatz. Bodenschonend dank Raupenbändern [&hellip;]</p>
